*w = -25*w - 26486. Let v(r) = r**3 + 8*r**2 + 8*r - 3. Calculate the remainder when w/114*1*3 is divided by v(-6).
20
Let s be 4/6 + 1398/9. Let h = 906 + -282. Suppose -12*x - s = -h. What is the remainder when x is divided by 10?
9
Suppose 27 = -4*h - 2*c - 3, 3*h = 5*c - 55. Calculate the remainder when 236 is divided by -4 + -12*h/6.
12
Suppose -4*m = -58 - 14. Let p = 111505 + -111336. Calculate the remainder when p is divided by m.
7
Suppose 6*p + 746 = 758. What is the remainder when 19 is divided by (-26)/(-8) - (p - 42/24)?
1
Suppose 40*t - 2334 = 306. What is the remainder when 592 is divided by t?
64
Let r = 194 + -191. Suppose 0 = 4*o + r*i - 249, 0*o + i + 316 = 5*o. Let d = 0 - -13. What is the remainder when o is divided by d?
11
Suppose 5832 = -77*b + 185*b. Calculate the remainder when 484 is divided by b.
52
Suppose 21 = 2*w + 4*g - 1349, -5*g + 3400 = 5*w. Calculate the remainder when w is divided by 35.
10
Let c = -7616 + 7631. Calculate the remainder when 3342 is divided by c.
12
Let c = 566 + -268. Suppose 17*f - c = 416. Calculate the remainder when f is divided by 28.
14
Suppose -38*d + 116 = -606. Calculate the remainder when 8214 is divided by d.
6
Let f(c) = -39*c - 77. Let x be f(-4). Suppose 83*y = x*y + 456. What is the remainder when y is divided by 58?
56
Suppose 8*z - 60 + 28 = 0. Suppose -3*y + z*n = -51, 0*y + 17 = y - 2*n. What is the remainder when 77 is divided by y?
9
Suppose 8*s = -342521 + 342873. Suppose c - 122 = 184. What is the remainder when c is divided by s?
42
What is the remainder when 622 is divided by 11 + 0 + 4/4?
10
Let d = -3669 - -5754. Calculate the remainder when d is divided by 36.
33
Let c(q) = 23 - 246 + 6*q + 81 + 3*q. Calculate the remainder when 68 is divided by c(20).
30
Suppose -15*v + 2673 = -4*v. Let n(h) = h**2 - 10*h - 13. Calculate the remainder when v is divided by n(15).
57
Suppose -11*f + 5*f = 108. Let g(x) = -x**3 - 18*x**2 - 2*x - 19. Let p(w) = -w**3 + 7*w**2 - 5*w + 3. What is the remainder when p(4) is divided by g(f)?
14
Calculate the remainder when 389 is divided by ((-102)/(-24))/17 - ((-646)/8)/1.
65
Let s(p) = 6*p**2 + 3*p + 1. Suppose 0 = 5*m + 9*c - 216, -2*m + 151 = -4*c + 95. Calculate the remainder when m is divided by s(-2).
17
Let i = -77253 + 77271. Let n(f) = -8*f - 3. Calculate the remainder when n(-8) is divided by i.
7
Let n be (-4 - -5)/(1/(-1)). Let o be (n - -1)/(4 + 0 - 1). Suppose -4*a = 3*g - 63, -27 = -2*a - o*a - 3*g. Calculate the remainder when 89 is divided by a.
17
Suppose 0 = v - 2*v + 37. Let r(q) = -30*q**2 + 81*q + 47. Calculate the remainder when v is divided by r(3).
17
Let m = -1219 - -1345. What is the remainder when 263 is divided by m?
11
Suppose 2233*r = 2314*r - 6642. Suppose 0*i + 2*i = 3*o + 294, 5*o - 710 = -5*i. What is the remainder when i is divided by r?
62
Let b = 104 - 107. What is the remainder when 279/6*(2/(-6) - -1) is divided by (-12)/b*(-2)/(8/(-9))?
4
Let a = -30555 - -30562. Let g = 0 - -4. Suppose 17 = 4*s + c, -3*s + c = -0*c - g. Calculate the remainder when a is divided by s.
1
Suppose -9847 = -12*i - 66*i + 4661. Calculate the remainder when 2040 is divided by i.
180
Suppose 76*t - 3375 = 14*t - 13*t. Calculate the remainder when 1572 is divided by t.
42
Let t = 46 - 78. Let i = t + 37. Suppose -50 = -5*m + i*c, -5*m + c + 19 = -43. What is the remainder when 33 is divided by m?
7
Suppose -d - 4*d = -285. What is the remainder when -1*(-4)/(-26) - (22680/1638 + -190) is divided by d?
5
Suppose 4*s = 28 + 8. Let z be (3*15/s)/1. Suppose q = -4*m + 2*m + 3, 3*q = -z*m + 6. What is the remainder when 9 is divided by m?
0
Suppose -35 = 7*z - 6*z + a, 4*z = -a - 131. Let k(m) = -2*m**2 - 70*m - 156. Calculate the remainder when 132 is divided by k(z).
24
Let r(a) = 4*a + 47. Let o be r(-6). Suppose o*n + 70 = 33*n. What is the remainder when 2/4*(79 + 3) is divided by n?
6
Let k = -2207 - -2265. Calculate the remainder when 165 is divided by k.
49
What is the remainder when 186 is divided by (-138 - -129) + 0 + 25?
10
What is the remainder when (657 - 656)*(-1 - 3036/(-2)) is divided by 11?
10
Let d(l) = -369*l + 2596. What is the remainder when 216 is divided by d(7)?
8
Let d(w) = 6*w**2. Let l be d(-3). Let n = 4 + l. Calculate the remainder when n is divided by 31.
27
Suppose c - 90 = 3*c. Let g = 71 + c. What is the remainder when g is divided by 430/35 - -2 - 6/21?
12
Let j = -20 - -18. Let h(r) = -9*r**3 - 4*r. What is the remainder when h(j) is divided by 27?
26
Suppose -4*h + 266 = 4*v + 282, 4*v + 3*h = -9. Calculate the remainder when 40 is divided by v.
1
Suppose -20*n + 2420 + 5000 = 440. What is the remainder when n is divided by 71?
65
Let m(i) = -2*i**2 + 17*i + 4216. Calculate the remainder when 322 is divided by m(49).
75
Let p(q) = -q**3 + 6*q**2 - 13*q + 9. Let k be p(4). Let w(f) = -f**2 - 15*f - 33. What is the remainder when 184 is divided by w(k)?
8
Let b = 3063 + -2882. What is the remainder when b is divided by 62?
57
Suppose -8*u + 4*u + 4*m + 236 = 0, 20 = 5*m. Suppose 3*z - 135 = 3*t, -4*z + u = t - 137. Calculate the remainder when z is divided by 6.
1
Let d(x) = -35*x**2 + 5*x - 5. Let c be d(2). Let h = c - -247. Suppose -15*j = -17*j + h. What is the remainder when j is divided by 19?
18
Suppose -20*n + 19*n = -3. Suppose -n*p = -210 + 867. Let x = 318 + p. Calculate the remainder when x is divided by 51.
48
Let g(s) = -88*s - 491. Calculate the remainder when g(-7) is divided by 22.
15
Let a(o) = o**3 - 9*o**2 - 30*o - 24. Let d be (-8)/3*(-288)/64. What is the remainder when 143 is divided by a(d)?
47
Suppose 2*f = 4*f. Let r = -9630 - -9630. Suppose f = -5*v + h + 82, 0 = 2*v - r*h - 5*h - 19. What is the remainder when v is divided by 7?
3
Suppose -5*v - 3 = -2*v, 4*j = -5*v + 35. Suppose -j*x + 77 = -63. Calculate the remainder when 15 is divided by x.
1
Let c(b) = 2*b**2. Suppose 4*y + 16 = 0, -4*i + 296 = -y - 2*y. Let j = i - 66. What is the remainder when c(2) is divided by j?
3
Let y be ((-14)/4 - -4)*0. Let i(x) = 32*x**2 - x - 2. Calculate the remainder when i(-1) is divided by -24*((-4)/8 - y).
7
What is the remainder when 2/((-48)/(-2786)) - (94767/(-1116) - -85) is divided by 32?
20
Suppose 7 + 3 = y. Let a(v) = -v**2 + 62*v - 299. What is the remainder when a(6) is divided by y?
7
Let c be 71/(-4)*24/6. What is the remainder when c/(6/(-2)*20/60) is divided by 32?
7
Suppose 0*d - 5*d + 4*b = -23014, -d + 3*b + 4594 = 0. Calculate the remainder when d is divided by 54.
16
Suppose 3*i - 229 = 134. What is the remainder when i is divided by 43?
35
Suppose 3*b - 39 = -6. Let z = -118 - -128. Suppose 0 = -3*i - 15, p - 5*i + z*i - 38 = 0. Calculate the remainder when p is divided by b.
8
Let t = -5183 + 5213. Suppose z + 2*z = 153. Calculate the remainder when z is divided by t.
21
Let k = 279 - 279. Calculate the remainder when 1*(79 + ((-16)/(-4) - k)) is divided by 17.
15
Let x(d) = 16*d**3 - 3*d**2 - d + 2. Let m be x(2). Suppose -2*r - 2*p = p - m, -3*p = 0. Let t = 110 - r. What is the remainder when t is divided by 9?
7
Suppose -230*t + 11245 = -165*t. What is the remainder when 671 is divided by t?
152
Let j(o) = -9 + 15 - 6 - 17*o. Let f be j(-1). Suppose -11 + f = 3*u. What is the remainder when u is divided by 2?
0
Suppose 0 = -4*d + 5*u + 132, -96 = 2*d - 6*d - 4*u. Suppose -5*i + 10*i = -5*s + 215, s - 4*i = d. What is the remainder when s is divided by (-27)/(-2) + 1/2?
12
Suppose y = -3*a + 122, -112 = 3*a - 6*a + y. Let r = -35 + a. Calculate the remainder when -20*1*(2 + (-19)/r) is divided by 14.
13
Let g be (-1)/(2*((-57)/(-210))/(-19)). Suppose 3*k = -d - 0*d + g, -4*k + 5*d = -15. Suppose -i + 81 = 2*i. What is the remainder when i is divided by k?
7
Let j(b) = 132*b + 3830. What is the remainder when j(-28) is divided by 122?
12
Calculate the remainder when 8*((-216)/(-9) - 14) is divided by 6.
2
Calculate the remainder when 2667 is divided by -149 + 152 + (2 + 3/(-2))*260.
7
Let g(y) = 28*y**2 + 29*y - 166. Calculate the remainder when g(6) is divided by 32.
24
Let z = 89 + -56. Let f(r) = -14*r - 11*r - 17 + 17*r. What is the remainder when f(-10) is divided by z?
30
Suppose 14*r + 1944 = 7072 + 54442. What is the remainder when r is di